c + 11*c + 3*c. Determine w(2).
-2
Suppose 52*b = 37*b - 15. Let l(s) = 8*s**3 - s**2 - s - 1. Determine l(b).
-9
Let y(r) = -2*r**2 + 11*r - 9. Suppose 4*n + 4*i + 16 = 20, -44 = -4*n + 4*i. Give y(n).
-15
Let w be 1/12*10*(-66)/(-165). Let i(d) be the second derivative of w*d**3 - 3*d + 0 + 3/2*d**2. Calculate i(-3).
-3
Let b be (0/(-1 + (-1 - -4)))/1. Suppose b = -3*s + 59 - 41. Let w(h) = 0*h**2 + 6*h + 0 + 3 - h**2. Calculate w(s).
3
Let t(q) = -q + 2. Let z(i) = -i**2 - 8*i + 13. Let k be z(-9). Let d be 11 - (k - 1) - -1 - 2. Give t(d).
-5
Let s(q) be the second derivative of q**3/3 + 5*q**2/2 - 66*q. Determine s(-4).
-3
Let a(o) be the first derivative of -o**5/60 - o**4/4 + o**3/6 - 11*o**2 + 22. Let b(x) be the second derivative of a(x). What is b(-3)?
10
Let s(n) = n**2 - 1. Let x(j) = 80*j - 87*j + j**2 - 9 + 0*j**2. Let w(i) = 2*s(i) - x(i). Let t(l) = l**2 - l - 5. Let b be t(0). What is w(b)?
-3
Let z(u) be the third derivative of -u**6/120 - u**5/10 + u**4/8 - u**3/2 - 11*u**2. What is z(-7)?
25
Let a = -261 + 255. Let u(b) be the first derivative of -b**5/60 - b**4/3 - 3*b**3/2 - 3*b**2/2 + 1. Let x(q) be the second derivative of u(q). Determine x(a).
3
Let x(l) = -107*l**3 + 3 + 3*l**2 - 7 + 215*l**3 + l - 107*l**3. Determine x(-4).
-24
Let a(w) = w**3 - 8*w**2 - w + 10. Let x be -80*3*(-6)/45. Suppose x = 3*d + d. Determine a(d).
2
Let o(k) = 3*k + 9 + k - 5*k. Determine o(6).
3
Let n(v) be the second derivative of v**5/20 + v**4/3 - 2*v**3/3 - 3*v**2/2 + 32*v. Let i be 1/(-2 - -3) - -2. Let y = -8 + i. What is n(y)?
-8
Let j(u) = 16*u**2 + 31*u - 4. Let w(y) = 0*y - 6*y + 1 + 2*y**2 - 10*y**2 + 5*y**2. Let n(l) = -2*j(l) - 11*w(l). What is n(-4)?
-3
Suppose -25 = -7*q + 2*q - 5*d, -2*q = d - 5. Let z(o) = o**3 - 9*o**2 + 2. Calculate z(q).
2
Let j(u) = -2*u. Let f(x) = -5*x + 3. Let p(v) = 2*f(v) - 3*j(v). Calculate p(7).
-22
Suppose -2*a + 6 = 2*g, -2*a + 3*g = -4*a + 7. Let q = 55 - 53. Let y(d) = -2*d**a + d**2 - 6 + d**2 - d**q. Calculate y(0).
-6
Suppose 0*k = -3*k - 2*w + 7, -4*k = -4*w - 16. Let a(j) = -j**k - 4 - j**2 + 0*j**3 - j + 1. Suppose 8*i - 1 = -1. Give a(i).
-3
Let q(t) = 16*t - 542. Let o be q(33). Let d(k) = -k**3 - 13*k**2 + 12*k + 2. Calculate d(o).
30
Let p(x) = -x**2 + 3*x - 6. Suppose -31*s - 21 = -176. Determine p(s).
-16
Let u(r) be the first derivative of -r**4/2 + 5*r**3 + 9*r**2/2 - 9*r + 30. Let q(z) = -z**3 + 8*z**2 + 4*z - 4. Let b(s) = 5*q(s) - 3*u(s). Calculate b(6).
1
Let z = 0 - 5. Let y(g) = -2*g**2 - 10*g. Suppose -2*l + 0 = 14. Let x(w) = 3*w**2 + 15*w. Let s(o) = l*y(o) - 5*x(o). Give s(z).
0
Let g = -161 + 166. Let v(u) = -u**3 + 5*u**2 + u - 1. Calculate v(g).
4
Let d(p) be the first derivative of 5*p**4/4 - 2*p**3/3 + p**2 - p + 1. Let m be (4/1)/(-2)*8. Let k be m/(-12) - (-2)/(-6). What is d(k)?
4
Let c(t) = -t**2 - t + 9. Let f(v) = -40*v + 513. Let h be f(13). Give c(h).
-33
Let o(h) = -4*h + 2 - 7*h + 8*h. Calculate o(4).
-10
Let n = 4 + -2. Let y(t) = -3*t - 4. Let j(p) be the second derivative of 2*p**3/3 + 3*p**2 + 7*p. Let z(o) = 5*j(o) + 7*y(o). Calculate z(n).
0
Let t = 2337 + -2335. Let r(l) = -11*l**2 + 4*l - 3. Calculate r(t).
-39
Let l(r) = 1 - 3*r + 3*r - 6*r + r. Let c(w) = -17*w + 4. Let v(o) = -26*o + 6. Let p(f) = 7*c(f) - 5*v(f). Let g(b) = -5*l(b) - 2*p(b). Give g(-1).
-4
Let u(x) = 6*x - 1 - 439*x**2 - 3*x + 440*x**2 - x. Let a be u(-2). Let j(l) = -5*l + 1. What is j(a)?
6
Let v(y) = -y**3 + y + 5. Suppose 4*m - 1 = 2*d - 5, -4*m = d + 4. What is v(d)?
5
Let p = 35 + -27. Suppose -10*c = -p*c - 8. Let z(t) = -c*t**2 - 5*t - 2 + 3 - 5 + t**3. Determine z(5).
-4
Let b(p) = p**2 + 4*p - 7. Let v = -320 + 314. Determine b(v).
5
Let v(k) be the third derivative of 7*k**4/24 + 16*k**3/3 - 181*k**2. Give v(-5).
-3
Let g be (-21)/7 - -1 - -11. Let m(s) = s - 1. Calculate m(g).
8
Let j = -247 + 253. Let d(z) be the first derivative of -7/2*z**2 - 3*z - 3 + 1/3*z**3. Give d(j).
-9
Let g(y) = y**3 - 3*y**2 - 3*y - 2. Let c be (4/(-7))/(20/70). Determine g(c).
-16
Let t be (7 - 3 - -20) + (-2 - -2). Suppose -27 = c - t. Let d(z) be the third derivative of -z**6/120 - z**5/30 + z**4/12 + 2*z**3/3 + z**2. Calculate d(c).
7
Let r(j) = -j**3 - 6*j**2 - 7*j - 4. Let y be r(-5). Let a(b) = 9 + 2*b + 5*b**2 + 2*b**2 - 10*b - y*b**2. Suppose -k = 0, -2*k = -2*h + 1 + 11. What is a(h)?
-3
Let o(g) = -g. Let s be 0 - 1/(-1) - -5. Let m(x) = s + 5 - 3 - 3*x. Let r(j) = -m(j) + 2*o(j). Calculate r(6).
-2
Let f = -67 - -62. Let i be (f/2)/((-2)/4). Let z(r) = r**2 - 5*r - 4. What is z(i)?
-4
Suppose 3*y - r = -0*y - 14, 4*r = -y - 9. Let x(b) = b**2 - 3*b - 10. Let n(u) = u**2 - 4*u - 11. Let d(w) = y*n(w) + 6*x(w). Determine d(-4).
3
Let g be (9/(-2))/((-9)/(-12)). Suppose 0 = -19*d + 14*d + 25. Let u(s) = 0*s**2 + 3*s**2 + 0 - 4 + d*s - 2*s**2. Calculate u(g).
2
Let c(t) be the third derivative of -t**4/24 - 5*t**3/3 - t**2 - 10. Let q be (-38)/6 + (-2)/3. What is c(q)?
-3
Suppose 13 = 2*q + b + 4, b = q. Let n(v) = 6*v + q - 4 - 15*v. Give n(1).
-10
Let b(q) be the second derivative of -3*q**3/2 - 3*q**2/2 + 256*q. Determine b(-4).
33
Suppose 7*w = -21*w + 112. Let g(b) = -b**2 + b + 1. What is g(w)?
-11
Let t(p) = p**2 + 8*p + 7. Let y be t(4). Let h = y - 58. Let w(r) = -r**3 - 3*r**2 - r + 4. What is w(h)?
7
Let w = 9 + -5. Let r(z) be the first derivative of z**4/12 - 7*z**3/6 + z**2/2 - 20*z + 17. Let s(k) be the first derivative of r(k). Give s(w).
-11
Suppose 3*z + 4*z - 14 = 0. Let q(i) = -6*i**2 + 0*i**2 + 7 + 4*i + i**3 + 4*i**z - 5*i**2. What is q(6)?
-5
Let f(q) = -q**3 - 3*q**2 + 6*q + 6. Suppose -7 - 17 = -3*x. Suppose -3*w + x - 20 = 0. Calculate f(w).
-2
Let d be -5 + (-2 - (-3)/3). Suppose -5*m = -31 - 14. Let w(n) = 5*n - 3 + n**2 + m + 3. Determine w(d).
15
Let v(r) = -r**2 + 5*r + 4. Suppose d = 2*g - 6*g + 29, -3*g + 5*d + 16 = 0. Let c be 7 + g/(21/(-12)). Determine v(c).
10
Let b be -320*((4 - 1) + 143/(-55)). Let t = -126 - b. Let m(o) = o**2 + o - 2. Give m(t).
4
Suppose 17*q = 18*q + 4. Let u(b) = 52*b - 115*b - 5 + 60*b. Calculate u(q).
7
Let y(u) = 24*u**3 - u**2 + u - 1. Suppose -4*o + 2 = 5*c - 11, 4*o = 3*c + 5. Suppose 6*s + o = 8. Determine y(s).
23
Suppose 5*m - 5 = 45. Suppose 3*t = m*t + 42. Let r(h) = -h**2 - 7*h - 3. Calculate r(t).
3
Let r(b) = -7*b**2 - b**3 + 5*b**3 - 3*b**3 + 4 - b. Let i be r(7). Let w(g) = g**3 + 3*g**2 + 4. Give w(i).
4
Let b = -55 + 56. Let c(a) = -14*a**3. What is c(b)?
-14
Let v = 405 + -409. Let i(w) be the first derivative of -w**3/3 - 3*w**2 - 5*w - 3. Calculate i(v).
3
Let f(a) = -a**2 - 6*a - 3. Suppose 3*o + 46 = l - 18, -o - l - 20 = 0. Let r = -25 - o. Determine f(r).
5
Suppose -3*y + 24 = 3*s, 0*y + y + 2 = s. Suppose -s*a + 7 + 8 = 0. Let h(j) = -8*j**2 + 2*j**2 + 2*j**a + 3*j - j**3 - 6. What is h(6)?
12
Let b(v) = -5*v - 118 + 62 + 46. Calculate b(-4).
10
Let l(h) = -h**3 - 5*h**2 - 8*h - 11. Let b = -214 - -210. What is l(b)?
5
Let c be 2/(-16) - (-15)/16*-2. Let m(w) = -6*w**2 - w. Give m(c).
-22
Let i be ((-18)/(-45))/(2/30). Let x(z) = i*z + 0 - 5*z**3 - 6 + z + 6*z**3 - 7*z**2. Give x(6).
0
Let k(w) be the third derivative of 0 - 6*w**2 + 0*w + 1/3*w**3 - 1/24*w**4. Let a be k(4). Let x(m) = -2*m**2 - 4*m - 2. What is x(a)?
-2
Let u(w) be the first derivative of -w**3/3 + 7*w**2 - 11*w - 5. Suppose -16*n - 26 = -18*n. Let m be u(n). Let l(o) = 2*o**2 - 2*o + 2. What is l(m)?
6
Let y(g) = -69 + g - g + 2*g + 52. Determine y(6).
-5
Let y(c) = -3*c**2 - 5*c + 20. Let b(v) = -v**2 - 2*v + 7. Let f(l) = 11*b(l) - 4*y(l). Let m be (-30)/11 + 153/(-561). What is f(m)?
12
Suppose 0*d - d = 5, 0 = 3*a - 4*d - 26. Suppose -3 = 2*i - a*z + 3, 12 = -3*i + 2*z. Let n(v) = 0*v**2 + v - v**2 - 5 - 9*v. Calculate n(i).
7
Let v(g) be the third derivative of -1/8*g**4 - 1/15*g**5 + 0*g + 1/120*g**6 - 1/3*g**3 + 13*g**2 + 0. Determine v(4).
-14
Let a(y) = -11*y**2 - 25*y + 9. Let v(q) = 9*q**2 + 23*q - 10. Let m(f) = 5*a(f) + 6*v(f). What is m(11)?
7
Suppose -2*k - 10 = 4*a, -8*k = -k + 2*a + 47. Let b(h) = -h**2 - 11*h - 19. What is b(k)?
9
Let k(x) = -10*x. Let a(u) = 2*u + 25. Let b = 84 - 97. Let h be a(b). Determine k(h).
10
Let d(o) = o - 7. Let k(q) = -2*q + 1. Let i(f) = -d(f) - 5*k(f). Calculate i(1).
1